0 + 26 - 8) + -1.
7
What is 9 - (-3 - (5 + 18))?
35
Calculate (11 - 12 - -3) + -16.
-14
What is the value of (-21 - -8) + -9 + 56 + -16?
18
Calculate 1 - (3 + -7 - (-1 + -4 + 5)).
5
Calculate 6 + -12 + 13 - 19.
-12
Calculate 14 - (-11 - -33 - 5).
-3
What is the value of (-1 - -1 - (-7 + 11)) + (84 - 71)?
9
What is (-3 - (-9 + (2 - 2))) + 6?
12
What is the value of 3 + 40 - 29 - (3 - (3 + -3))?
11
What is (5 + -1 - -9) + -7?
6
What is 29 - (6 - -26) - (-2 + 3)?
-4
Calculate -19 + (-17 - -32) + -9.
-13
Calculate -8 - (8 + -15) - (44 + -34).
-11
Evaluate (-1 - -3) + 1 + (4 - 1 - 7).
-1
Evaluate -2 + (-26 - (-29 - -13)).
-12
What is the value of 2 + -16 + 34 + -34?
-14
What is the value of (-2 - ((-36 - -42) + -1 + -6)) + 6?
5
-2 - -16 - (-129 + 186) - -9
-34
What is 886 - 912 - (-1 - 23)?
-2
Evaluate (165 - 162) + 1 + 15.
19
Calculate -2 + 1 + 71 + -75.
-5
Evaluate (7 - 39 - -37) + (-1 - 1).
3
Calculate 11 + 18 + -8 + -10.
11
What is the value of (-16 - -2) + -13 + -6 + 22?
-11
What is 28 + -50 - (-10 + -1) - -5 - 25?
-31
1 + 5 + (5 - (-3 + 27))
-13
What is 22 - (22 - (14 + -8))?
6
Calculate -10 - -3 - (0 + -6) - -7.
6
What is the value of (-12 - ((-6 - 30) + 8)) + 14?
30
What is the value of (8 - 18) + 11 + -5 + 0 + 1?
-3
What is the value of 5 + (-11 + 13 - 2) - 29?
-24
What is -93 - -85 - (0 - 8)?
0
Evaluate (-67 - -54) + -3 + -4 + 1 + 3.
-16
What is the value of -2 + 18 + (0 - 29)?
-13
What is the value of (0 - (1 - 10 - -4 - -6)) + -5?
-6
What is the value of (-16 - 21) + 9 + 47?
19
Calculate (2 + 18 - 17) + -1 + 8.
10
What is the value of -34 + (-8 + 43 - 15)?
-14
What is the value of 4 + (2 - 3 - (-9 - -15)) - -13?
10
What is the value of 3 + -41 + 13 + 26 + -19?
-18
What is the value of 42 + (1 - (44 + -28))?
27
-32 - (-23 - (-14 + 23))
0
11 + (-15 - -30) + -8 - 12
6
-26 + 9 - ((-2 - 1) + 1)
-15
What is -9 + (3 - 25 - -16)?
-15
Evaluate -17 - (11 - 10) - -12 - (-1 + 8).
-13
What is the value of -3 - -1 - 3 - ((-2 - -1) + -2)?
-2
Calculate (-8 - (8 + -15)) + (14 - -3) + -3.
13
What is -16 - (-3 + (13 - 16))?
-10
What is -6 - (0 + 0 - (9 - -11))?
14
What is the value of 21 - (-16 + 23 + 18)?
-4
What is the value of -66 - (-10 + 25 + -52)?
-29
Calculate (10 - 2) + (2 + (-1 - 2) - 22).
-15
Evaluate (1 - 0) + -11 + 42 + -22.
10
What is (-5 - (4 - -5 - 15)) + -6?
-5
What is 34 - (-19 - (-34 - -16)) - (4 - -3)?
28
Evaluate (-2 - 1 - -6) + (-7 - (-9 + 18)).
-13
What is -18 + 21 + (6 - 7) + -1 + 12?
13
What is the value of 2 + (-6 - 4) + (59 - 43)?
8
What is the value of -17 - (-14 + -13 + 12 + -18)?
16
(176 - 209) + 9 + (-1 - 0)
-25
What is (38 - (-18 - -26)) + -39?
-9
Calculate (2 - -4) + -31 + 30.
5
Evaluate (0 - 3 - (4 + 5)) + 4 - -4.
-4
27 - (0 + (4 - (-12 + 20)) + -5)
36
What is the value of 5 - (2 + -1 + 2) - (-1 + 2)?
1
What is the value of (930 - 913) + (-1 - 1)?
15
0 - -6 - ((7 - 18) + (16 - 4))
5
What is the value of 14 + -25 + (-32 - -32)?
-11
Calculate -11 + (34 + -2 - (3 + 0)).
18
What is the value of 46 - 10 - 25 - (1 - -5)?
5
What is the value of (-40 - -37 - 27) + 22?
-8
Calculate -25 - (-42 + 19 - -2).
-4
Calculate 46 + (41 - 92) - (2 + (0 - 6)).
-1
Evaluate -10 + (13 - -3 - 8) - (0 - -15).
-17
What is the value of 9 + -9 + -8 + 12 + 20?
24
Calculate 134 - 108 - (0 + 4).
22
What is the value of -2 - (-10 - (10 + -7))?
11
Evaluate (-4 - 3 - (10 + -15 + 7)) + -11.
-20
What is the value of (-7 - -19) + -32 - ((2 - 5) + -1)?
-16
What is the value of 25 - (40 - 31 - 1)?
17
Evaluate -11 - -3 - (-3 - 1 - -3).
-7
-164 + 177 + (0 - (-6 + 7))
12
What is (1 - 0 - -10) + (-74 - -58)?
-5
Calculate -4 + -4 - -21 - (-8 + 12) - 5.
4
What is the value of -7 + -18 + 23 + 1 + -19?
-20
2 + 13 + 5 + -8 + -4 + 2
10
What is -27 + 4 + 11 + 21?
9
What is (8 - 2) + 0 - 12?
-6
Evaluate (6 + -12 - -9) + -15.
-12
-7 - (-1 + 7 + -11) - (-12 - -5)
5
What is the value of (7 - (1 - -2)) + 11?
15
Evaluate -3 - (3 - (10 + -8) - 6).
2
What is -44 + 0 - (-1090 - -1080)?
-34
What is the value of 13 + 0 + (76 - 98)?
-9
What is 8 + -32 + 16 + 1?
-7
What is the value of (-1 - -2) + 5 - (-6 + -13 + 7)?
18
Evaluate 256 - 267 - (-4 - 1).
-6
What is the value of (-18 - -67) + -33 - (16 - -4)?
-4
Evaluate (6 - (2 - -7)) + 11 + -3 + -7.
-2
-92 + 93 + (4 - -4)
9
Calculate 11 + (-9 - (-4 + -4) - (-2 - -4)).
8
Calculate 12 + (-1 - 8) + (8 - 1) - 28.
-18
2 + (2 - 4) - (-16 - (-7 + -2))
7
6 + (0 - (-6 + 13 + -11))
10
What is (1 - 7) + -8 + 29 + -9?
6
-7 - (-11 - ((7 - -7) + -27))
-9
What is (14 - 0) + 2 + -8 + -20?
-12
Evaluate -2 + 16 + 1 + 3.
18
-1 + 2 - (51 - 55) - 11
-6
(23 - (10 + 15)) + 6
4
What is (13 - (-2 + 17 - 8)) + -6?
0
What is 0 - 7 - (1 + (-4 - -9))?
-13
35 - (37 + (-36 - -3))
31
10 + (2 - (9 + -4)) + 7
14
18 - (0 + 5 + -17 - (-8 - -2))
24
What is 0 + -10 - (-69 + 58)?
1
What is the value of -63 + 56 + (3 - -2) - -4?
2
Evaluate (-3 - -7 - -1 - 2) + -31 + 32.
4
(-4 - (1 + -14)) + 2
11
Calculate 1 - (-22 - -13) - 25.
-15
What is the value of (-7 - (-2 - 2)) + 8 - 3?
2
Evaluate -25 + 18 + 13 - 12.
-6
What is the value of 10 - (11 + 0) - -9 - (-2 - -5)?
5
What is (37 - 15) + -28 - (2 + -6 + 2)?
-4
What is (-319 - -320 - (0 + (-1 - -1))) + -5?
-4
Evaluate -13 + 0 + (1 - (-6 - 2)).
-4
What is the value of 41 + (20 - (27 + 33))?
1
Calculate (-31 - -27) + -22 + 35.
9
Evaluate 5 + -13 + -10 + 20 + 6.
8
Calculate -17 + (-1 - (-14 - -10)).
-14
What is the value of (2 - 19 - (-7 - 1)) + -6?
-15
What is 0 + (-21 - (-15 + 1))?
-7
Calculate 6 + (-2 + 0 - 0) + -5 + 12.
11
What is 6 + -1 + (-60 - -65) + -1?
9
Calculate (-18 - -31) + (-11 - 5).
-3
Calculate -4 - (33 + -10) - -9.
-18
Calculate 57 + -58 + 14 + 2.
15
What is (-11 - -7) + 10 - 11?
-5
Evaluate -19 - -10 - ((-17 - 23) + 13).
18
-9 + (-5 + 39 - (-1 + 1 - -9))
16
Evaluate 0 - -12 - (-13 - (-8 - (-6 + 3))).
20
What is -4 - (10 + -16 - -2)?
0
Calculate 5 + (-16 - -10) + (-1 - -13).
11
What is the value of 30 - (21 - -24 - 11)?
-4
Evaluate 3 - 3 - (54 - 65).
11
4 - -9 - (22 - 20)
11
Evaluate 12 + -10 + (1 - 26) + 11.
-12
What is the value of -68 - -45 - (-2 - ((-2 - -10) + -3))?
-16
What is (-3 - (-2 + 6)) + (25 + -45 - -4)?
-23
2 + 5 + 5 - (11 - -2)
-1
What is -2 + (4 - (25 + -12) - (-8 - -1))?
-4
Calculate 4 + 1 - (12 - -19 - (-4 - -14)).
-16
22 - ((-5 - 11 - -11) + 16)
11
Calculate 1 + 1 + 0 - (10 - 4 - 7).
3
168 - 133 - (0 + 56)
-21
What is 49 - (53 - 13) - -25?
34
(15 - 1 - (-236 - -242)) + -2 + 7
13
Calculate -1676 + 1646 - (9 + -1).
-38
Calculate (-46 - -52) + (-2 - -3) + (-13 - 1).
-7
(-18 - -6) + 6 + 16
10
What is the value of -12 + -6 + (-1 + 7 + 1 - 7)?
-18
Evaluate (22 - 21 - 8) + 0 + 4.
-3
What is the value of 9 + (-8 - -15 - (-1 - -2))?
15
What is 1 + (12 + 4 - (4 + 2)) - 0?
11
Calculate -123 + 127 + -1 + -5.
-2
Evaluate (6 - 5) + 4 - 8.
-3
Evaluate 0 + -18 + 37 + (14 - 42).
-9
What is (-10 - -19 - (-1 - -1)) + 2?
11
-3 - ((34 - 29) + (-1 - -2))
-9
-21 + (7 + -9 - (-7 - (0 - -2)))
-14
-24 + 9 + (1 - (-5 + 9)) + 0
-18
What is the value of 42 - 27 - 19 - (-34 - 0)?
30
What is the value of 61 + -57 + -19 + (10 - 1)?
-6
What is -3 - (-10 - -2) - (-15 - (-9 - -1))?
12
What is the value of -3 + (2 - 1) + -7 + -3 + 8?
-4
Evaluate -6 + 4 - -1 - (-16 + 0 - -18).
-3
What is -8 + (2 - (-22 - -8)) + -5?
3
What is the value of -3 + 0 + 0 + 3 - (-12 + -3)?
15
Evaluate 38 - (13 - (7 + -18)).
14
Evaluate 6 + (-12 - -37 - 14).
17
What is the value of (-46 - (-24 - 6)) + (5 - 0)?
-11
What is 11 + -9 - (-1 - -8) - 1 - 6?
-12
What is the value of (42 - 49) + -3 + 0 + -1?
-11
Evaluate -100 + 105 + (-1 - (2 - 2)) + 7.
11
-15 + (12 - (6 - 7))
-2
Calculate 23 + -14 - (1 - (3 - 0)).
11
What is (-16 + -6 + 13 - -1) + 1?
-7
-1 - -6 - (10 + 1) - (-26 + 31)
-11
What is the value of -1 + 7 + -9 + 1 + -5 + -2?
-9
What is the value of (-12 - -1) + (-23 - -25)?
-9
-38 - -48 - (-2 - (-13 + 2))
1
What is the value of 1 + -7 + 42 - -3 - 16?
23
-28 + 4 - -18 - (-9 + -1)
4
Evaluate (-2 + 14 + -8 - 7) + -9.
-12
Calculate 19 + (-1 + 3 + 18 + -19 - 3).
17
What is -19 - (-18 - (-4 - 7))?
-12
Calculate (1 - 3) + (-4 - -1) - (6 - 24).
13
Calculate 7 - -1 - (-61 - -68 - (26 + -2)).
25
Evaluate -6 + 2 + (37 - 7 - 4) + -9.
13
What is 27 - (-34 - -16 - -35)?
10
What is the value of -61 + 2 + (8 - -25)?
-26
Calculate -11 - (-10 - -3) - (-1 + 0 + 2).
-5
What